{"id":74,"date":"2024-01-06T18:08:13","date_gmt":"2024-01-06T18:08:13","guid":{"rendered":"https:\/\/vinavl.com\/?page_id=74"},"modified":"2026-02-12T18:25:55","modified_gmt":"2026-02-12T18:25:55","slug":"rundvisning","status":"publish","type":"page","link":"https:\/\/vinavl.com\/?page_id=74","title":{"rendered":"Rundvisning"},"content":{"rendered":"\t\t<div data-elementor-type=\"wp-page\" data-elementor-id=\"74\" class=\"elementor elementor-74\">\n\t\t\t\t<div class=\"elementor-element elementor-element-b70c357 e-flex e-con-boxed e-con e-parent\" data-id=\"b70c357\" data-element_type=\"container\">\n\t\t\t\t\t<div class=\"e-con-inner\">\n\t\t\t\t<div class=\"elementor-element elementor-element-ae3cc8b elementor-widget elementor-widget-heading\" data-id=\"ae3cc8b\" data-element_type=\"widget\" data-widget_type=\"heading.default\">\n\t\t\t\t<div class=\"elementor-widget-container\">\n\t\t\t<style>\/*! elementor - v3.21.0 - 08-05-2024 *\/\n.elementor-heading-title{padding:0;margin:0;line-height:1}.elementor-widget-heading .elementor-heading-title[class*=elementor-size-]>a{color:inherit;font-size:inherit;line-height:inherit}.elementor-widget-heading .elementor-heading-title.elementor-size-small{font-size:15px}.elementor-widget-heading .elementor-heading-title.elementor-size-medium{font-size:19px}.elementor-widget-heading .elementor-heading-title.elementor-size-large{font-size:29px}.elementor-widget-heading .elementor-heading-title.elementor-size-xl{font-size:39px}.elementor-widget-heading .elementor-heading-title.elementor-size-xxl{font-size:59px}<\/style><h1 class=\"elementor-heading-title elementor-size-default\">Arrangementer og Rundvisninger<\/h1>\t\t<\/div>\n\t\t\t\t<\/div>\n\t\t\t\t\t<\/div>\n\t\t\t\t<\/div>\n\t\t<div class=\"elementor-element elementor-element-cb97b9d e-flex e-con-boxed e-con e-parent\" data-id=\"cb97b9d\" data-element_type=\"container\">\n\t\t\t\t\t<div class=\"e-con-inner\">\n\t\t\t\t<div class=\"elementor-element elementor-element-3c8b3f5 elementor-widget elementor-widget-heading\" data-id=\"3c8b3f5\" data-element_type=\"widget\" data-widget_type=\"heading.default\">\n\t\t\t\t<div class=\"elementor-widget-container\">\n\t\t\t<h3 class=\"elementor-heading-title elementor-size-medium\">Ving\u00e5rden er \u00e5ben for rundvisninger og pr\u00f8vesmaning \u00e5ret rundt.\nfra 8-50 personer.\n<\/h3>\t\t<\/div>\n\t\t\t\t<\/div>\n\t\t\t\t\t<\/div>\n\t\t\t\t<\/div>\n\t\t<div class=\"elementor-element elementor-element-dd4a78c e-flex e-con-boxed e-con e-parent\" data-id=\"dd4a78c\" data-element_type=\"container\">\n\t\t\t\t\t<div class=\"e-con-inner\">\n\t\t<div class=\"elementor-element elementor-element-610ba7b e-con-full e-flex e-con e-child\" data-id=\"610ba7b\" data-element_type=\"container\">\n\t\t\t\t<div class=\"elementor-element elementor-element-cd6cf94 elementor-widget elementor-widget-heading\" data-id=\"cd6cf94\" data-element_type=\"widget\" data-widget_type=\"heading.default\">\n\t\t\t\t<div class=\"elementor-widget-container\">\n\t\t\t<h4 class=\"elementor-heading-title elementor-size-medium\"><a href=\"https:\/\/vinavl.com\/?page_id=25\">Kontakt info.<\/a><\/h4>\t\t<\/div>\n\t\t\t\t<\/div>\n\t\t\t\t<div class=\"elementor-element elementor-element-73540aa elementor-widget elementor-widget-image\" data-id=\"73540aa\" data-element_type=\"widget\" data-widget_type=\"image.default\">\n\t\t\t\t<div class=\"elementor-widget-container\">\n\t\t\t<style>\/*! elementor - v3.21.0 - 08-05-2024 *\/\n.elementor-widget-image{text-align:center}.elementor-widget-image a{display:inline-block}.elementor-widget-image a img[src$=\".svg\"]{width:48px}.elementor-widget-image img{vertical-align:middle;display:inline-block}<\/style>\t\t\t\t\t\t\t\t\t\t<img fetchpriority=\"high\" decoding=\"async\" width=\"1024\" height=\"768\" src=\"https:\/\/vinavl.com\/wp-content\/uploads\/2024\/01\/IMG_20210824_164727_resized_20240106_065738538-1024x768.jpg\" class=\"attachment-large size-large wp-image-167\" alt=\"\" srcset=\"https:\/\/vinavl.com\/wp-content\/uploads\/2024\/01\/IMG_20210824_164727_resized_20240106_065738538-1024x768.jpg 1024w, https:\/\/vinavl.com\/wp-content\/uploads\/2024\/01\/IMG_20210824_164727_resized_20240106_065738538-300x225.jpg 300w, https:\/\/vinavl.com\/wp-content\/uploads\/2024\/01\/IMG_20210824_164727_resized_20240106_065738538-768x576.jpg 768w, https:\/\/vinavl.com\/wp-content\/uploads\/2024\/01\/IMG_20210824_164727_resized_20240106_065738538-1536x1152.jpg 1536w, https:\/\/vinavl.com\/wp-content\/uploads\/2024\/01\/IMG_20210824_164727_resized_20240106_065738538-2048x1536.jpg 2048w\" sizes=\"(max-width: 1024px) 100vw, 1024px\" \/>\t\t\t\t\t\t\t\t\t\t\t\t\t<\/div>\n\t\t\t\t<\/div>\n\t\t\t\t<div class=\"elementor-element elementor-element-e441529 elementor-widget__width-initial elementor-widget elementor-widget-text-editor\" data-id=\"e441529\" data-element_type=\"widget\" data-widget_type=\"text-editor.default\">\n\t\t\t\t<div class=\"elementor-widget-container\">\n\t\t\t<style>\/*! elementor - v3.21.0 - 08-05-2024 *\/\n.elementor-widget-text-editor.elementor-drop-cap-view-stacked .elementor-drop-cap{background-color:#69727d;color:#fff}.elementor-widget-text-editor.elementor-drop-cap-view-framed .elementor-drop-cap{color:#69727d;border:3px solid;background-color:transparent}.elementor-widget-text-editor:not(.elementor-drop-cap-view-default) .elementor-drop-cap{margin-top:8px}.elementor-widget-text-editor:not(.elementor-drop-cap-view-default) .elementor-drop-cap-letter{width:1em;height:1em}.elementor-widget-text-editor .elementor-drop-cap{float:left;text-align:center;line-height:1;font-size:50px}.elementor-widget-text-editor .elementor-drop-cap-letter{display:inline-block}<\/style>\t\t\t\t<h4 style=\"text-align: center;\"><strong><span style=\"color: #ff0000;\">Se, smag, smil og f\u00e5 viden om vindyrkning i Danmark<\/span><\/strong><\/h4><h4 style=\"text-align: center;\"><span style=\"color: #6b0412;\"><strong>\u201dMed et humoristisk tvist\u201d<\/strong><\/span><\/h4><p>Jeg har forn\u00f8jelsen at byde velkommen til vinoplevelse p\u00e5 Jysk Ving\u00e5rd.<\/p><p>Hedeg\u00e5rdens Vinavl i Sk\u00f8dstrup\/L\u00f8gten\/\u00c5rhus<\/p><p>Et arrangement best\u00e5r af velkomstdrink i gildestuen og rundvisning i vinmarken med <strong>Vinbonden<\/strong>, hvor I f\u00e5r fort\u00e6llingen om vindyrkning p\u00e5 friland og vinavl i Danmark.<br \/>Derefter historien om vinfremstilling i vineriet ved <strong>\u00d8nologen<\/strong>. Han fremstiller r\u00f8d- og hvidvin, rose og \u201dp\u00e5rtvin\u201d. Forskellige frugtvine af Kirseb\u00e6r, \u00e6bler, jordb\u00e6r, birkesaft og hyldeblomst &#8211; \u201ds\u00f8dt og t\u00f8rt\u201d. Nyt! er udvikling af 10 forskellige \u201dhalv s\u00f8de\u201d lik\u00f8rer af kastanje, valn\u00f8d, hyldeblomst, citron, r\u00f8nneb\u00e6r mfl. De gamle kryddersnapse med alt fra valn\u00f8d, tormentil, strandmalurt til aroniab\u00e6r, perikon, rav og kamille. Egenskaber fra styrket manddom til h\u00e5rpragt og positiv hum\u00f8r \u2013 ja nogen endda \u201dg\u00f8r kvinder klogere og m\u00e6nd smukkere!\u201d Vi bev\u00e6ger os med <strong>K\u00e6ldermesteren<\/strong> til gildestuen til pr\u00f8vesmagning af 4 vine fra vink\u00e6lderen.<\/p><p>Rundvisningen tager ca 2 time med pr\u00f8vesmagning. Incl. hjemmelavet spegep\u00f8lse og \u00f8ko. surdejsbr\u00f8d fra HM-Bakery.<\/p><p>G\u00e5rdbutikken vil v\u00e6re \u00e5ben.<\/p><p>For grupper over 10 pers. er det muligt at bestille frokost med p\u00f8lser, oste, t\u00e6rte og hjemmebagt br\u00f8d eller kyllingebryst med bacon, \u00e5rstidst\u00e6rte, salat, diverse og \u00f8ko. br\u00f8d fra HM-Bakery.<\/p><p>Pris: 200,- kr\/person.<\/p><p>Vinbonden kan presses til at give en kop kaffe\/the som afslutning!<\/p><p>Venligst Vinbonden Simon<\/p>\t\t\t\t\t\t<\/div>\n\t\t\t\t<\/div>\n\t\t\t\t<\/div>\n\t\t<div class=\"elementor-element elementor-element-de214c3 e-con-full e-flex e-con e-child\" data-id=\"de214c3\" data-element_type=\"container\">\n\t\t<div class=\"elementor-element elementor-element-a4ba480 e-flex e-con-boxed e-con e-child\" data-id=\"a4ba480\" data-element_type=\"container\">\n\t\t\t\t\t<div class=\"e-con-inner\">\n\t\t\t\t<div class=\"elementor-element elementor-element-3695685 elementor-widget elementor-widget-image\" data-id=\"3695685\" data-element_type=\"widget\" data-widget_type=\"image.default\">\n\t\t\t\t<div class=\"elementor-widget-container\">\n\t\t\t\t\t\t\t\t\t\t\t\t\t<img decoding=\"async\" width=\"768\" height=\"1024\" src=\"https:\/\/vinavl.com\/wp-content\/uploads\/2024\/01\/IMG_20220703_181213-768x1024.jpg\" class=\"attachment-large size-large wp-image-168\" alt=\"\" srcset=\"https:\/\/vinavl.com\/wp-content\/uploads\/2024\/01\/IMG_20220703_181213-768x1024.jpg 768w, https:\/\/vinavl.com\/wp-content\/uploads\/2024\/01\/IMG_20220703_181213-225x300.jpg 225w, https:\/\/vinavl.com\/wp-content\/uploads\/2024\/01\/IMG_20220703_181213-1152x1536.jpg 1152w, https:\/\/vinavl.com\/wp-content\/uploads\/2024\/01\/IMG_20220703_181213-1536x2048.jpg 1536w, https:\/\/vinavl.com\/wp-content\/uploads\/2024\/01\/IMG_20220703_181213-scaled.jpg 1920w\" sizes=\"(max-width: 768px) 100vw, 768px\" \/>\t\t\t\t\t\t\t\t\t\t\t\t\t<\/div>\n\t\t\t\t<\/div>\n\t\t\t\t\t<\/div>\n\t\t\t\t<\/div>\n\t\t<div class=\"elementor-element elementor-element-ab21568 e-flex e-con-boxed e-con e-child\" data-id=\"ab21568\" data-element_type=\"container\">\n\t\t\t\t\t<div class=\"e-con-inner\">\n\t\t\t\t<div class=\"elementor-element elementor-element-b8cd1c3 elementor-widget elementor-widget-image\" data-id=\"b8cd1c3\" data-element_type=\"widget\" data-widget_type=\"image.default\">\n\t\t\t\t<div class=\"elementor-widget-container\">\n\t\t\t\t\t\t\t\t\t\t\t\t\t<img decoding=\"async\" width=\"1024\" height=\"768\" src=\"https:\/\/vinavl.com\/wp-content\/uploads\/2024\/01\/IMG_20230522_095114_resized_20240106_064653445-1024x768.jpg\" class=\"attachment-large size-large wp-image-169\" alt=\"\" srcset=\"https:\/\/vinavl.com\/wp-content\/uploads\/2024\/01\/IMG_20230522_095114_resized_20240106_064653445-1024x768.jpg 1024w, https:\/\/vinavl.com\/wp-content\/uploads\/2024\/01\/IMG_20230522_095114_resized_20240106_064653445-300x225.jpg 300w, https:\/\/vinavl.com\/wp-content\/uploads\/2024\/01\/IMG_20230522_095114_resized_20240106_064653445-768x576.jpg 768w, https:\/\/vinavl.com\/wp-content\/uploads\/2024\/01\/IMG_20230522_095114_resized_20240106_064653445-1536x1152.jpg 1536w, https:\/\/vinavl.com\/wp-content\/uploads\/2024\/01\/IMG_20230522_095114_resized_20240106_064653445.jpg 1824w\" sizes=\"(max-width: 1024px) 100vw, 1024px\" \/>\t\t\t\t\t\t\t\t\t\t\t\t\t<\/div>\n\t\t\t\t<\/div>\n\t\t\t\t\t<\/div>\n\t\t\t\t<\/div>\n\t\t\t\t<\/div>\n\t\t\t\t\t<\/div>\n\t\t\t\t<\/div>\n\t\t<div class=\"elementor-element elementor-element-8050fd9 e-flex e-con-boxed e-con e-parent\" data-id=\"8050fd9\" data-element_type=\"container\">\n\t\t\t\t\t<div class=\"e-con-inner\">\n\t\t\t\t\t<\/div>\n\t\t\t\t<\/div>\n\t\t\t\t<\/div>\n\t\t","protected":false},"excerpt":{"rendered":"<p>Arrangementer og Rundvisninger Ving\u00e5rden er \u00e5ben for rundvisninger og pr\u00f8vesmaning \u00e5ret rundt. fra 8-50 personer. Kontakt info. Se, smag, smil og f\u00e5 viden om vindyrkning i Danmark \u201dMed et humoristisk tvist\u201d Jeg har forn\u00f8jelsen at byde velkommen til vinoplevelse p\u00e5 Jysk Ving\u00e5rd. Hedeg\u00e5rdens Vinavl i Sk\u00f8dstrup\/L\u00f8gten\/\u00c5rhus Et arrangement best\u00e5r af velkomstdrink i gildestuen og rundvisning [&hellip;]<\/p>\n","protected":false},"author":1,"featured_media":0,"parent":0,"menu_order":0,"comment_status":"closed","ping_status":"closed","template":"","meta":{"footnotes":""},"_links":{"self":[{"href":"https:\/\/vinavl.com\/index.php?rest_route=\/wp\/v2\/pages\/74"}],"collection":[{"href":"https:\/\/vinavl.com\/index.php?rest_route=\/wp\/v2\/pages"}],"about":[{"href":"https:\/\/vinavl.com\/index.php?rest_route=\/wp\/v2\/types\/page"}],"author":[{"embeddable":true,"href":"https:\/\/vinavl.com\/index.php?rest_route=\/wp\/v2\/users\/1"}],"replies":[{"embeddable":true,"href":"https:\/\/vinavl.com\/index.php?rest_route=%2Fwp%2Fv2%2Fcomments&post=74"}],"version-history":[{"count":37,"href":"https:\/\/vinavl.com\/index.php?rest_route=\/wp\/v2\/pages\/74\/revisions"}],"predecessor-version":[{"id":309,"href":"https:\/\/vinavl.com\/index.php?rest_route=\/wp\/v2\/pages\/74\/revisions\/309"}],"wp:attachment":[{"href":"https:\/\/vinavl.com\/index.php?rest_route=%2Fwp%2Fv2%2Fmedia&parent=74"}],"curies":[{"name":"wp","href":"https:\/\/api.w.org\/{rel}","templated":true}]}}