{"id":109,"date":"2024-01-17T20:56:27","date_gmt":"2024-01-17T20:56:27","guid":{"rendered":"https:\/\/vinavl.com\/?page_id=109"},"modified":"2026-02-12T18:21:59","modified_gmt":"2026-02-12T18:21:59","slug":"hedegaardens-vinavl","status":"publish","type":"page","link":"https:\/\/vinavl.com\/","title":{"rendered":"Hedegaardens Vinavl"},"content":{"rendered":"\t\t<div data-elementor-type=\"wp-page\" data-elementor-id=\"109\" class=\"elementor elementor-109\">\n\t\t\t\t<div class=\"elementor-element elementor-element-65db84f e-flex e-con-boxed e-con e-parent\" data-id=\"65db84f\" data-element_type=\"container\">\n\t\t\t\t\t<div class=\"e-con-inner\">\n\t\t\t\t<div class=\"elementor-element elementor-element-b3d3a0e elementor-widget elementor-widget-heading\" data-id=\"b3d3a0e\" data-element_type=\"widget\" data-widget_type=\"heading.default\">\n\t\t\t\t<div class=\"elementor-widget-container\">\n\t\t\t<style>\/*! elementor - v3.21.0 - 08-05-2024 *\/\n.elementor-heading-title{padding:0;margin:0;line-height:1}.elementor-widget-heading .elementor-heading-title[class*=elementor-size-]>a{color:inherit;font-size:inherit;line-height:inherit}.elementor-widget-heading .elementor-heading-title.elementor-size-small{font-size:15px}.elementor-widget-heading .elementor-heading-title.elementor-size-medium{font-size:19px}.elementor-widget-heading .elementor-heading-title.elementor-size-large{font-size:29px}.elementor-widget-heading .elementor-heading-title.elementor-size-xl{font-size:39px}.elementor-widget-heading .elementor-heading-title.elementor-size-xxl{font-size:59px}<\/style><h1 class=\"elementor-heading-title elementor-size-default\">Hedegaardens Vinavl<\/h1>\t\t<\/div>\n\t\t\t\t<\/div>\n\t\t\t\t\t<\/div>\n\t\t\t\t<\/div>\n\t\t<div class=\"elementor-element elementor-element-cc32077 e-flex e-con-boxed e-con e-parent\" data-id=\"cc32077\" data-element_type=\"container\">\n\t\t\t\t\t<div class=\"e-con-inner\">\n\t\t\t\t<div class=\"elementor-element elementor-element-076aa16 elementor-widget elementor-widget-image\" data-id=\"076aa16\" data-element_type=\"widget\" data-widget_type=\"image.default\">\n\t\t\t\t<div class=\"elementor-widget-container\">\n\t\t\t<style>\/*! elementor - v3.21.0 - 08-05-2024 *\/\n.elementor-widget-image{text-align:center}.elementor-widget-image a{display:inline-block}.elementor-widget-image a img[src$=\".svg\"]{width:48px}.elementor-widget-image img{vertical-align:middle;display:inline-block}<\/style>\t\t\t\t\t\t\t\t\t\t<img decoding=\"async\" src=\"https:\/\/vinavl.com\/wp-content\/uploads\/elementor\/thumbs\/IMG_20231014_123006-scaled-qin3bpzoo61u3hqi8abidvfrz0o5mmq9rsivzfb798.jpg\" title=\"IMG_20231014_123006\" alt=\"IMG_20231014_123006\" loading=\"lazy\" \/>\t\t\t\t\t\t\t\t\t\t\t\t\t<\/div>\n\t\t\t\t<\/div>\n\t\t\t\t\t<\/div>\n\t\t\t\t<\/div>\n\t\t<div class=\"elementor-element elementor-element-8903316 e-flex e-con-boxed e-con e-parent\" data-id=\"8903316\" data-element_type=\"container\">\n\t\t\t\t\t<div class=\"e-con-inner\">\n\t\t<div class=\"elementor-element elementor-element-4a6c791 e-con-full e-flex e-con e-child\" data-id=\"4a6c791\" data-element_type=\"container\">\n\t\t\t\t<div class=\"elementor-element elementor-element-71b1dce elementor-widget__width-initial elementor-widget elementor-widget-text-editor\" data-id=\"71b1dce\" data-element_type=\"widget\" data-widget_type=\"text-editor.default\">\n\t\t\t\t<div class=\"elementor-widget-container\">\n\t\t\t<style>\/*! elementor - v3.21.0 - 08-05-2024 *\/\n.elementor-widget-text-editor.elementor-drop-cap-view-stacked .elementor-drop-cap{background-color:#69727d;color:#fff}.elementor-widget-text-editor.elementor-drop-cap-view-framed .elementor-drop-cap{color:#69727d;border:3px solid;background-color:transparent}.elementor-widget-text-editor:not(.elementor-drop-cap-view-default) .elementor-drop-cap{margin-top:8px}.elementor-widget-text-editor:not(.elementor-drop-cap-view-default) .elementor-drop-cap-letter{width:1em;height:1em}.elementor-widget-text-editor .elementor-drop-cap{float:left;text-align:center;line-height:1;font-size:50px}.elementor-widget-text-editor .elementor-drop-cap-letter{display:inline-block}<\/style>\t\t\t\t<p style=\"text-align: center;\"><strong>Rundvisninger og pr\u00f8vesmagning af 5 vine fra ving\u00e5rden med p\u00f8lse og br\u00f8d alle Onsdage og L\u00f8rdage 13-15 <\/strong><\/p><p style=\"text-align: center;\"><strong>Pris 250kr\/pers. Grupper p\u00e5 2-8 personer<\/strong><\/p><p style=\"text-align: center;\"><strong>Pris 200kr\/pers. Grupper over 8 personer<\/strong><\/p><p style=\"text-align: center;\"><strong>Tilmeldning Tlf: 27280097 eller Mail: hedegaardvin@gmail.com <\/strong><\/p><p style=\"text-align: left;\"><span style=\"color: #808080;\">For s\u00e6rlig aftale Tlf: 27280097<\/span><\/p>\t\t\t\t\t\t<\/div>\n\t\t\t\t<\/div>\n\t\t\t\t<\/div>\n\t\t<div class=\"elementor-element elementor-element-2d11eea e-con-full e-flex e-con e-child\" data-id=\"2d11eea\" data-element_type=\"container\">\n\t\t\t\t<div class=\"elementor-element elementor-element-d94cc9a elementor-widget elementor-widget-heading\" data-id=\"d94cc9a\" data-element_type=\"widget\" data-widget_type=\"heading.default\">\n\t\t\t\t<div class=\"elementor-widget-container\">\n\t\t\t<h2 class=\"elementor-heading-title elementor-size-default\">\u00c5ben alle dage: 11-17<\/h2>\t\t<\/div>\n\t\t\t\t<\/div>\n\t\t\t\t<\/div>\n\t\t\t\t\t<\/div>\n\t\t\t\t<\/div>\n\t\t<div class=\"elementor-element elementor-element-e4100da e-flex e-con-boxed e-con e-parent\" data-id=\"e4100da\" data-element_type=\"container\">\n\t\t\t\t\t<div class=\"e-con-inner\">\n\t\t<div class=\"elementor-element elementor-element-ce714a7 e-con-full e-flex e-con e-child\" data-id=\"ce714a7\" data-element_type=\"container\">\n\t\t\t\t<div class=\"elementor-element elementor-element-a203820 elementor-widget elementor-widget-heading\" data-id=\"a203820\" data-element_type=\"widget\" data-widget_type=\"heading.default\">\n\t\t\t\t<div class=\"elementor-widget-container\">\n\t\t\t<h2 class=\"elementor-heading-title elementor-size-default\">G\u00e5rd butik<\/h2>\t\t<\/div>\n\t\t\t\t<\/div>\n\t\t\t\t<div class=\"elementor-element elementor-element-6c4b529 elementor-widget elementor-widget-text-editor\" data-id=\"6c4b529\" data-element_type=\"widget\" data-widget_type=\"text-editor.default\">\n\t\t\t\t<div class=\"elementor-widget-container\">\n\t\t\t\t\t\t\t<p>G\u00e5rdbutik med salg af egne vine og mulighed for smagspr\u00f8ver.<\/p>\n<p>\u00a0<\/p>\t\t\t\t\t\t<\/div>\n\t\t\t\t<\/div>\n\t\t\t\t<div class=\"elementor-element elementor-element-89adb9b elementor-widget elementor-widget-image\" data-id=\"89adb9b\" data-element_type=\"widget\" data-widget_type=\"image.default\">\n\t\t\t\t<div class=\"elementor-widget-container\">\n\t\t\t\t\t\t\t\t\t\t\t\t\t<img fetchpriority=\"high\" decoding=\"async\" width=\"1024\" height=\"768\" src=\"https:\/\/vinavl.com\/wp-content\/uploads\/2024\/01\/Gaardbutik1-edited-1024x768.jpg\" class=\"attachment-large size-large wp-image-86\" alt=\"\" srcset=\"https:\/\/vinavl.com\/wp-content\/uploads\/2024\/01\/Gaardbutik1-edited-1024x768.jpg 1024w, https:\/\/vinavl.com\/wp-content\/uploads\/2024\/01\/Gaardbutik1-edited-300x225.jpg 300w, https:\/\/vinavl.com\/wp-content\/uploads\/2024\/01\/Gaardbutik1-edited-768x576.jpg 768w, https:\/\/vinavl.com\/wp-content\/uploads\/2024\/01\/Gaardbutik1-edited-1536x1151.jpg 1536w, https:\/\/vinavl.com\/wp-content\/uploads\/2024\/01\/Gaardbutik1-edited-2048x1535.jpg 2048w\" sizes=\"(max-width: 1024px) 100vw, 1024px\" \/>\t\t\t\t\t\t\t\t\t\t\t\t\t<\/div>\n\t\t\t\t<\/div>\n\t\t\t\t<\/div>\n\t\t<a class=\"elementor-element elementor-element-2d5a320 e-con-full e-flex e-con e-child\" data-id=\"2d5a320\" data-element_type=\"container\" href=\"https:\/\/vinavl.com\/?page_id=74\">\n\t\t\t\t<div class=\"elementor-element elementor-element-dbdf8c6 elementor-widget elementor-widget-heading\" data-id=\"dbdf8c6\" data-element_type=\"widget\" data-widget_type=\"heading.default\">\n\t\t\t\t<div class=\"elementor-widget-container\">\n\t\t\t<h2 class=\"elementor-heading-title elementor-size-default\">Rundvisning\n\n\n\n\n\n\n<\/h2>\t\t<\/div>\n\t\t\t\t<\/div>\n\t\t\t\t<div class=\"elementor-element elementor-element-b9e1278 elementor-widget elementor-widget-text-editor\" data-id=\"b9e1278\" data-element_type=\"widget\" data-widget_type=\"text-editor.default\">\n\t\t\t\t<div class=\"elementor-widget-container\">\n\t\t\t\t\t\t\t<p>Se, smag, smil og f\u00e5 viden om vindyrkning i Danmark.<\/p>\n<p>\u201dMed et humoristisk tvist\u201d<\/p>\t\t\t\t\t\t<\/div>\n\t\t\t\t<\/div>\n\t\t\t\t<div class=\"elementor-element elementor-element-719550d elementor-widget elementor-widget-image\" data-id=\"719550d\" data-element_type=\"widget\" data-widget_type=\"image.default\">\n\t\t\t\t<div class=\"elementor-widget-container\">\n\t\t\t\t\t\t\t\t\t\t\t\t\t<img decoding=\"async\" width=\"1024\" height=\"768\" src=\"https:\/\/vinavl.com\/wp-content\/uploads\/2024\/01\/Rundvisning1-edited-1024x768.jpg\" class=\"attachment-large size-large wp-image-84\" alt=\"\" srcset=\"https:\/\/vinavl.com\/wp-content\/uploads\/2024\/01\/Rundvisning1-edited-1024x768.jpg 1024w, https:\/\/vinavl.com\/wp-content\/uploads\/2024\/01\/Rundvisning1-edited-300x225.jpg 300w, https:\/\/vinavl.com\/wp-content\/uploads\/2024\/01\/Rundvisning1-edited-768x576.jpg 768w, https:\/\/vinavl.com\/wp-content\/uploads\/2024\/01\/Rundvisning1-edited-1536x1152.jpg 1536w, https:\/\/vinavl.com\/wp-content\/uploads\/2024\/01\/Rundvisning1-edited-2048x1536.jpg 2048w\" sizes=\"(max-width: 1024px) 100vw, 1024px\" \/>\t\t\t\t\t\t\t\t\t\t\t\t\t<\/div>\n\t\t\t\t<\/div>\n\t\t\t\t<\/a>\n\t\t<div class=\"elementor-element elementor-element-8653486 e-con-full e-flex e-con e-child\" data-id=\"8653486\" data-element_type=\"container\">\n\t\t\t\t<div class=\"elementor-element elementor-element-126d145 elementor-widget elementor-widget-heading\" data-id=\"126d145\" data-element_type=\"widget\" data-widget_type=\"heading.default\">\n\t\t\t\t<div class=\"elementor-widget-container\">\n\t\t\t<h2 class=\"elementor-heading-title elementor-size-default\">Konsulent bistand\n\n\n\n<\/h2>\t\t<\/div>\n\t\t\t\t<\/div>\n\t\t\t\t<div class=\"elementor-element elementor-element-2e9b68d elementor-widget elementor-widget-image\" data-id=\"2e9b68d\" data-element_type=\"widget\" data-widget_type=\"image.default\">\n\t\t\t\t<div class=\"elementor-widget-container\">\n\t\t\t\t\t\t\t\t\t\t\t\t\t<img decoding=\"async\" width=\"1024\" height=\"768\" src=\"https:\/\/vinavl.com\/wp-content\/uploads\/2024\/01\/IMG_20211023_115138-1024x768.jpg\" class=\"attachment-large size-large wp-image-105\" alt=\"\" srcset=\"https:\/\/vinavl.com\/wp-content\/uploads\/2024\/01\/IMG_20211023_115138-1024x768.jpg 1024w, https:\/\/vinavl.com\/wp-content\/uploads\/2024\/01\/IMG_20211023_115138-300x225.jpg 300w, https:\/\/vinavl.com\/wp-content\/uploads\/2024\/01\/IMG_20211023_115138-768x576.jpg 768w, https:\/\/vinavl.com\/wp-content\/uploads\/2024\/01\/IMG_20211023_115138-1536x1152.jpg 1536w, https:\/\/vinavl.com\/wp-content\/uploads\/2024\/01\/IMG_20211023_115138-2048x1536.jpg 2048w\" sizes=\"(max-width: 1024px) 100vw, 1024px\" \/>\t\t\t\t\t\t\t\t\t\t\t\t\t<\/div>\n\t\t\t\t<\/div>\n\t\t\t\t<div class=\"elementor-element elementor-element-ae29621 elementor-widget elementor-widget-text-editor\" data-id=\"ae29621\" data-element_type=\"widget\" data-widget_type=\"text-editor.default\">\n\t\t\t\t<div class=\"elementor-widget-container\">\n\t\t\t\t\t\t\t<p>Konsulent bistand til nystartede vinb\u00f8nner. tips og tricks<\/p><p>\u00a0<\/p>\t\t\t\t\t\t<\/div>\n\t\t\t\t<\/div>\n\t\t\t\t<\/div>\n\t\t<a class=\"elementor-element elementor-element-5b9e09e e-con-full e-flex e-con e-child\" data-id=\"5b9e09e\" data-element_type=\"container\" href=\"https:\/\/vinavl.com\/?page_id=70\">\n\t\t\t\t<div class=\"elementor-element elementor-element-67e4ba8 elementor-widget elementor-widget-heading\" data-id=\"67e4ba8\" data-element_type=\"widget\" data-widget_type=\"heading.default\">\n\t\t\t\t<div class=\"elementor-widget-container\">\n\t\t\t<h2 class=\"elementor-heading-title elementor-size-default\">Gildesal\n\n\n\n<\/h2>\t\t<\/div>\n\t\t\t\t<\/div>\n\t\t\t\t<div class=\"elementor-element elementor-element-b90ed45 elementor-widget elementor-widget-text-editor\" data-id=\"b90ed45\" data-element_type=\"widget\" data-widget_type=\"text-editor.default\">\n\t\t\t\t<div class=\"elementor-widget-container\">\n\t\t\t\t\t\t\t<p>Gildesal til leje med k\u00f8kken og toilet, med plads til 50 personer.<\/p>\n<p>\u00a0<\/p>\t\t\t\t\t\t<\/div>\n\t\t\t\t<\/div>\n\t\t\t\t<div class=\"elementor-element elementor-element-6a4bf96 elementor-widget elementor-widget-image\" data-id=\"6a4bf96\" data-element_type=\"widget\" data-widget_type=\"image.default\">\n\t\t\t\t<div class=\"elementor-widget-container\">\n\t\t\t\t\t\t\t\t\t\t\t\t\t<img decoding=\"async\" src=\"https:\/\/vinavl.com\/wp-content\/uploads\/elementor\/thumbs\/IMG_0528-rotated-e1705525981786-qiglsv4f66672fvgbvr9zaj9wf69aopphcgs4ljbio.jpg\" title=\"IMG_0528\" alt=\"IMG_0528\" loading=\"lazy\" \/>\t\t\t\t\t\t\t\t\t\t\t\t\t<\/div>\n\t\t\t\t<\/div>\n\t\t\t\t<\/a>\n\t\t\t\t\t<\/div>\n\t\t\t\t<\/div>\n\t\t\t\t<\/div>\n\t\t","protected":false},"excerpt":{"rendered":"<p>Hedegaardens Vinavl Rundvisninger og pr\u00f8vesmagning af 5 vine fra ving\u00e5rden med p\u00f8lse og br\u00f8d alle Onsdage og L\u00f8rdage 13-15 Pris 250kr\/pers. Grupper p\u00e5 2-8 personer Pris 200kr\/pers. Grupper over 8 personer Tilmeldning Tlf: 27280097 eller Mail: hedegaardvin@gmail.com For s\u00e6rlig aftale Tlf: 27280097 \u00c5ben alle dage: 11-17 G\u00e5rd butik G\u00e5rdbutik med salg af egne vine og [&hellip;]<\/p>\n","protected":false},"author":1,"featured_media":0,"parent":0,"menu_order":0,"comment_status":"closed","ping_status":"closed","template":"","meta":{"footnotes":""},"_links":{"self":[{"href":"https:\/\/vinavl.com\/index.php?rest_route=\/wp\/v2\/pages\/109"}],"collection":[{"href":"https:\/\/vinavl.com\/index.php?rest_route=\/wp\/v2\/pages"}],"about":[{"href":"https:\/\/vinavl.com\/index.php?rest_route=\/wp\/v2\/types\/page"}],"author":[{"embeddable":true,"href":"https:\/\/vinavl.com\/index.php?rest_route=\/wp\/v2\/users\/1"}],"replies":[{"embeddable":true,"href":"https:\/\/vinavl.com\/index.php?rest_route=%2Fwp%2Fv2%2Fcomments&post=109"}],"version-history":[{"count":74,"href":"https:\/\/vinavl.com\/index.php?rest_route=\/wp\/v2\/pages\/109\/revisions"}],"predecessor-version":[{"id":300,"href":"https:\/\/vinavl.com\/index.php?rest_route=\/wp\/v2\/pages\/109\/revisions\/300"}],"wp:attachment":[{"href":"https:\/\/vinavl.com\/index.php?rest_route=%2Fwp%2Fv2%2Fmedia&parent=109"}],"curies":[{"name":"wp","href":"https:\/\/api.w.org\/{rel}","templated":true}]}}